r when 24 is divided by l(-4).
0
Suppose 0 = 2*p - 38 - 34. Calculate the remainder when (-75)/(-50)*14/(-49) - (-4503)/21 is divided by p.
34
Suppose -96 = -2*k - 4*g, g + 114 = 2*k - 4*g. Suppose -46 = -54*y + k*y. What is the remainder when 75 is divided by y?
6
Let t be (-10)/4*(-32)/40. Suppose 2*m = 2, 0*c - t*c = 2*m - 6. Suppose -7*w = -c*w - 75. What is the remainder when w is divided by 6?
3
Let g = 173 + -176. Calculate the remainder when 318 is divided by -3*(2 - 10)*(-4)/g.
30
Suppose o - 2*m + 3 = 5, 3*m = 3*o - 6. Suppose -h = 3*s - 9, s + 2 = h + 1. Calculate the remainder when (-30)/(6*(-1)/o) is divided by h.
1
Let p(g) = -2*g + 38. Let d be p(19). Let t(s) = -s**3 + 2*s**2 - 5. Let h be t(d). Calculate the remainder when 77 is divided by h/((-5)/(-1)) + 28.
23
Let r be (1568/3 - -2)/(2/3). Let v = -63 + r. What is the remainder when v is divided by 29?
28
Let k = 3613 - 3225. Calculate the remainder when k is divided by 55.
3
Let u = -9106 + 9119. Calculate the remainder when 167 is divided by u.
11
Let m be -2 - (-2 - 10/(-5)). Let o be 1/((-9)/m) + 2/(-9). Suppose -6*j + 74 + 466 = o. Calculate the remainder when j is divided by 46.
44
Let s = -23174 - -24554. Calculate the remainder when s is divided by 344.
4
Let y = 622 - 245. Let p(l) = 777*l + 14062. Calculate the remainder when y is divided by p(-18).
73
Let l = 3472 + -3426. Calculate the remainder when 551 is divided by l.
45
Suppose 5*z + 190 = 5*w, 7*w = 3*w - 4*z + 200. What is the remainder when 206 is divided by w?
30
Let f(o) = -o**3 - 12*o**2 - 16*o - 31. Let s be f(-11). Suppose -s*v = -21*v - 186. What is the remainder when 171 is divided by v?
47
Suppose 0 = -49*n - 20894 + 119825. Calculate the remainder when n is divided by 35.
24
Let h be ((12/(-5))/(-2))/((-44)/(-7590)). Let j = -132 + h. Calculate the remainder when 142 is divided by j.
67
Suppose 0*o = 3*o - 36. What is the remainder when ((-81)/2)/(-9)*o is divided by 2*(1 - (-34)/4)?
16
Suppose -2*a = -5*x + 1578, 2*a - 1411 + 163 = -4*x. Let g = x + -299. Calculate the remainder when 18 is divided by g.
3
Let s(m) = -4*m + 44. Let h be s(-16). Suppose -4*o + 28 = 4*f - 112, -h = -3*f - 2*o. Calculate the remainder when f/7 + 20/35 is divided by 5.
1
Suppose -27*k + 522 + 528 = -6*k. What is the remainder when k is divided by 38?
12
Let k(v) = v**2 + 15*v - 747. Calculate the remainder when 159 is divided by k(-36).
6
Let z = 14403 + -14299. Calculate the remainder when 1549 is divided by z.
93
Suppose 5*y + 2*w - 17 = 3, 0 = 3*w. Suppose 3*n = 5*k - 9*k + 2500, -y*k - n = -2500. Calculate the remainder when k is divided by 57.
55
Let v(g) be the first derivative of -g**3/3 + 9*g**2/2 - 12*g - 44. Let x be v(4). Suppose x*t = 15*t - 273. Calculate the remainder when t is divided by 14.
11
Suppose -j = 3*i - 0*j - 196, 3*j - 68 = -i. Calculate the remainder when 489 is divided by i.
34
Suppose i - 2*b = -274, -3*i - 4*b + 180 = 1032. Calculate the remainder when 18 is divided by 10 - i/(-30) - 44/(-6).
2
Suppose -30 = -11*l + 25. Suppose -m = -l*t - 6 + 21, -t - 16 = -4*m. Calculate the remainder when 53 is divided by t.
1
Let t = 20 + -18. Suppose 4*y + o - 5 = 1, -t*y = -5*o - 14. Calculate the remainder when 1 + 7 + (-4)/y is divided by 3.
0
Let z = -12832 - -14446. Calculate the remainder when z is divided by 21.
18
Let b = -2025 + 3090. What is the remainder when b is divided by 13?
12
Suppose -i - 9*i + 2046 = 23*i. Let p(w) = -3*w + w + 9 - 3. Calculate the remainder when i is divided by p(-5).
14
Let q(b) = b**3 - 3*b**2 + 65*b + 63. What is the remainder when q(12) is divided by 4?
3
Let r be -1 - (-1 + ((-9)/3 - -1)). Suppose -r*h - 116 = -z, 0 = -2*z - 2*z - h + 455. What is the remainder when z is divided by 17?
12
Let i(x) = 2*x + 2. Let w be i(2). Suppose -3*y + w*y - 105 = 0. Let c = -8706 + 8842. Calculate the remainder when c is divided by y.
31
Suppose -3*u + 3*r + 9 = 0, 4*u - 2*r - 3 = 11. Suppose -4*p - a - a = -34, 0 = -u*p - 3*a + 29. What is the remainder when 48 is divided by p?
4
Let c be 2/17 + 395642/(-442). Calculate the remainder when (-12)/(-10 - -6) - c is divided by 50.
48
Let j be 915/122*17*(-8)/(-10). Suppose -2*c = 5*v - 37, -5*c - 19 + j = 3*v. What is the remainder when c is divided by 5?
1
Suppose -9*w + 356 = 77. Suppose 2*f = w - 9. What is the remainder when 29 is divided by f?
7
Suppose -65*p + 66*p - 16 = 0. Calculate the remainder when 105 + -4 + -5 - 9/3 is divided by p.
13
Suppose 204*c - 5695 - 5748 + 4507 = 0. What is the remainder when 1036 is divided by c?
16
Let h = 257 + -146. Let v(k) = -4*k**2 + 56*k - 14. What is the remainder when h is divided by v(13)?
35
Let s(q) = -60*q - 111. Let w be s(6). Let b = -403 - w. What is the remainder when b is divided by 10?
8
Let b(u) be the third derivative of u**5/15 + u**4/2 - u**3 + u**2 + 38. Calculate the remainder when 657 is divided by b(-6).
63
Suppose 0 = -3*j + c + 72, j + c = 5*j - 95. Calculate the remainder when j is divided by -2 + 1 + 25 + -12.
11
Let i(m) = 2*m**2 - 99*m + 927. Calculate the remainder when 4715 is divided by i(11).
75
Suppose -4*m + 128 = -0*m. Suppose -3*d - h - 28 - 23 = 0, -d = h + 17. Let q(y) = -9*y - 31. What is the remainder when q(d) is divided by m?
26
Let r(u) = -8*u**2 + 101*u - 140. Calculate the remainder when 80 is divided by r(11).
2
Let o = -129 - -131. Suppose o*t - 2*v = 6*t - 92, 3*t + 2*v - 69 = 0. Let p(n) = n**2 + 3*n. What is the remainder when t is divided by p(-5)?
3
Suppose -5*i - m + 18 = 0, 3*m - 6 = 3. Suppose 3 = 3*w + i. Suppose w = 3*c - 37 + 7. What is the remainder when 18 is divided by c?
8
Suppose -15*p = -10*p - 265. Suppose 84 - 28 = 4*k. Let c(b) = b**3 - 14*b**2 + 2*b - 20. Calculate the remainder when p is divided by c(k).
5
Suppose 0 = -2*p - i + 25, -p = -4*p - i + 39. Suppose 3*f = 85 + 68. What is the remainder when f is divided by p?
9
Let n(s) be the third derivative of s**5/30 - 5*s**4/6 - 3*s**3 + s**2 - 22. What is the remainder when n(-6) is divided by 88?
86
Calculate the remainder when (-9)/(-2) + 12/8 + -1 is divided by 209/95 - (-4)/5.
2
Suppose -404 = -9*c + 8*c + 2*s, 5*c - 2050 = 5*s. What is the remainder when c is divided by 210?
206
Let b(w) = -102*w + 3757. Calculate the remainder when 1176 is divided by b(33).
3
Suppose 44*f = 4749 - 1912 - 769. Let h = 0 + 8. Calculate the remainder when f is divided by h.
7
Suppose a = -4*a + 300. Suppose -1015*k + 262*k + 12984 = -2829. Calculate the remainder when a is divided by k.
18
Suppose 2*r - 3 + 9 = 0. Suppose 6*k - 3*k = 48. Let i = k + r. What is the remainder when i is divided by 7?
6
Let c(m) = 2*m - 1. Let b(w) = w**3 + 27*w**2 + 6*w - 10. Let n(s) = -b(s) + 2*c(s). Calculate the remainder when n(-27) is divided by 39.
23
Let p be (-69)/15 + 12/(-30). Let d(y) = -y**2 + 10*y + 78. Calculate the remainder when 30 is divided by d(p).
0
Suppose -29*q + 37*q + 10*q - 846 = 0. What is the remainder when 691 is divided by q?
33
Let m be (30 + -30)*1*-1. Suppose m = -18*x + 4*x + 602. Calculate the remainder when 84 is divided by x.
41
Suppose -91*r = -90*r + 1. Calculate the remainder when 36 is divided by (-3 - r)/(79/(-474)).
0
Suppose 2*p - 4*y = 36, p - 14 = 2*y - 4*y. Let w be 62 - (-2 - 6/(-6)). Suppose -15 = 8*k - w. Calculate the remainder when p is divided by k.
4
Let y = -4392 - -4440. What is the remainder when 473 is divided by y?
41
Suppose -3*y = 3*y - 49*y + 1204. Calculate the remainder when y is divided by 26.
2
Let p(f) = 106*f - 529. Calculate the remainder when 131 is divided by p(5).
0
Let g be 70/175 - (-607)/(-5). Let j = g - -342. Calculate the remainder when j is divided by 25.
21
Let z(f) = f**2 - 20*f - 58. Let l be (-51)/(-2) - ((-10)/(-4) - 2). What is the remainder when z(l) is divided by 17?
16
Let i(n) = n**2 + 2*n - 1. Let p be i(-4). Let a be (-402)/(-8) + 34/(-136). Let z = a - p. Calculate the remainder when 168 is divided by z.
39
Suppose 0 = 2*f - 480 + 86. Suppose 15 = 3*d, 0 = -3*j - j + 4*d + 256. Calculate the remainder when f is divided by j.
59
Suppose 160 = 7*t - 3*t. What is the remainder when t is divided by ((-112)/6)/(272/(-204))?
12
Suppose 0 = 2*a - 4*l + 1 - 11, -4*a - 20 = 2*l. Let t(w) = -3*w - 5. Let p be t(a